- 2356. Calculate the remainder when (-3 - 0) + (-1 - -306) is divided by f.
14
What is the remainder when 315 is divided by 1/(1492/298 + -77 + 72)?
17
Suppose 0 = 5*o + 5, -3*o + 3 = -4*t - 6*o. Suppose 14 = -w + 5*c + 35, 2*c - 2 = t. Calculate the remainder when 491 is divided by w.
23
Suppose -d + 25 = -15. Calculate the remainder when 31 is divided by (-6)/10 + 186/d*4.
13
Let o = -7283 + 8928. Calculate the remainder when o is divided by 97.
93
Suppose -5*g = 5*h - 40, -374 + 402 = g - 4*h. What is the remainder when 134 is divided by g?
2
Let u(d) = 10*d**2 - 8*d + 7*d + 47 - 6*d - 11*d**2. Calculate the remainder when 60 is divided by u(-11).
0
Let r = -209 - -260. Suppose -r*t - 65 = -56*t. What is the remainder when 106 is divided by t?
2
Let u = 4577 - 4538. Calculate the remainder when 117 is divided by u.
0
Let b = 5854 + -5151. What is the remainder when b is divided by 29?
7
Suppose 0 = 4*s - 8, -52*t = -47*t + s + 68. Let n(h) = -h**3 - 15*h**2 - 16*h - 8. Let q = 6 + 8. What is the remainder when n(t) is divided by q?
6
Let p = 29066 + -29010. What is the remainder when 147 is divided by p?
35
Suppose -3*u - 5*o - 91 = 0, -5*o = 5*u + 180 - 45. What is the remainder when 61 is divided by -2*5/20*1*u?
6
Let f(v) = v**3 - 9*v**2 + 2*v + 8. Calculate the remainder when 618/5 + 4/10 + 54 + -53 is divided by f(9).
21
Suppose 1144 = -8*r + 21*r. Let h = r + -87. What is the remainder when h is divided by (-3)/(-2)*(-10)/(-15)?
0
Suppose 1109*v - 60 = 1105*v. Calculate the remainder when v is divided by 15.
0
Let f = -946 - -1648. Calculate the remainder when f is divided by 15.
12
Let q(k) = -3*k**2 + 43*k - 11. Let p be q(14). Suppose p*t = 0, 2*s + s = -4*t + 42. Calculate the remainder when 1 - (15*s)/(-3) is divided by 8.
7
Let d = -20499 + 22466. What is the remainder when d is divided by 86?
75
Let p = 142 + -129. Suppose -10*q + p*q - 147 = -3*n, 86 = 2*q - 2*n. Calculate the remainder when 255 is divided by q.
25
Let w = -2413 - -2619. Calculate the remainder when w is divided by 15.
11
Suppose 2*g - 708 = -50. Let h(b) = 58*b**2 - b - 11. Let f be h(-3). Let k = -459 + f. What is the remainder when g is divided by k?
54
Let q be 52/(-10) + (-192)/240. Let i(p) = -p**3 - 2*p**2 + 12*p + 9. What is the remainder when 403 is divided by i(q)?
79
Let b(p) = 910*p - 4403. What is the remainder when 308 is divided by b(5)?
14
Let q(a) = -125*a - 77. What is the remainder when q(-2) is divided by 115?
58
Calculate the remainder when 312 is divided by ((-70)/(-4))/(20/40).
32
Suppose -267 - 198 = -5*v. Calculate the remainder when 4088 is divided by v.
89
Suppose 0 = -3*p - 3*l + 30, -3*p = -5*l - 6 - 16. Suppose -p = 4*r - 53. Let d = r - 4. What is the remainder when 34 is divided by d?
6
Suppose 2*f - 2 = -2*w, 3*f - 4 - 2 = -4*w. Let j = -654 + 666. Calculate the remainder when (w - 28/j) + (-692)/(-6) is divided by 15.
11
Suppose -t = b - 111 - 207, 0 = -2*b - 5*t + 642. What is the remainder when b is divided by 2/(-5) + (-5124)/(-60) + -5?
76
Let z = -25248 + 29193. Calculate the remainder when z is divided by 47.
44
Suppose -361 = -z - 4*z - l, -2*l + 357 = 5*z. Suppose -78*v = -77*v. Suppose v = -204*r + 211*r - 259. Calculate the remainder when z is divided by r.
36
Let x = -405 - -403. What is the remainder when 664 is divided by (x - 35)*24/(-24)?
35
Suppose 4*h + 16 = 2*z, -3*z + 4*h + 19 - 3 = 0. Suppose z = -p + 2*y + 2 + 14, 32 = 3*p + 2*y. Calculate the remainder when 22/1 - (-12)/(-4) is divided by p.
7
Let q(o) = 4*o**2 - 77*o + 54. Let a = 280 - 147. Calculate the remainder when a is divided by q(19).
28
Let d = 35 + -101. Let j = d + 143. Suppose 50*c - 216 = 42*c. What is the remainder when j is divided by c?
23
Suppose -5*f + 3*u = -1391, -4*f + 1540 = -2*u + 428. Calculate the remainder when f is divided by 142.
135
Suppose u = -2*m - 7, 4*m - 3*u = 3*m + 14. Calculate the remainder when 53 is divided by (-6 - -5) + ((-13)/m - -2).
11
Let u = 30345 - 30132. What is the remainder when 537 is divided by u?
111
Suppose 438 - 78 = 3*c. Let v = c - 57. What is the remainder when v is divided by 17?
12
Let c(v) = v**2 + v + 153. Let f be c(0). Suppose 0 = -3*n + d + f, d + 255 = 5*n + 4*d. Calculate the remainder when n is divided by 26.
25
Suppose 9*m - 1723 + 256 = 0. Calculate the remainder when m is divided by 81.
1
Let s = 19624 - 16660. What is the remainder when s is divided by 23?
20
Let b(r) = -r**3 - 2*r**2 + 9*r - 7. Let q = 67 - 72. Let c(a) = 54*a. What is the remainder when c(1) is divided by b(q)?
8
Let y be 1/(-3) + 2288/24. Let d = y - 82. Suppose 0*x - 5*x + 45 = 0. What is the remainder when d is divided by x?
4
Let v(c) = c**3 + 12*c**2 + 53*c + 137. What is the remainder when 153 is divided by v(-6)?
13
Let p(a) = -5*a - 24. Let k be 47 + (6/(-8) - (-4)/(-16)). Suppose 3*n + 45 = s, 1 = 3*n - 4*s + k. Calculate the remainder when p(n) is divided by 18.
15
Let o(g) = 2*g**2 - 19*g + 18. Let r be o(9). Let v(x) = x**2 + 2*x + 6. What is the remainder when v(-6) is divided by -3 + (-150)/(-54) - (-164)/r?
12
Calculate the remainder when -2*((-80)/(-96)*-123 + 2*-1) is divided by 15.
14
Let j(n) = 2*n - 56640*n**2 + 4 + 56643*n**2 - 20. Calculate the remainder when j(-8) is divided by 46.
22
Let f = -30 + 42. Let c be 2/f - (-164)/24. Suppose c*t + 25 = 179. Calculate the remainder when t is divided by 5.
2
Suppose 10457 = 17*u - 2288 + 2392. Calculate the remainder when u is divided by 75.
9
Let a(x) = -4*x**2 + 627*x + 3090. What is the remainder when a(160) is divided by 261?
227
Suppose -2*z + 2*v + 170 = 0, v = 2*z + 4*v - 160. Suppose -9 = -3*p + 3. Calculate the remainder when z is divided by p.
3
Let u(s) be the second derivative of 7*s**4/3 + s**3/6 + s**2 - 6*s. Let r be u(-2). Let l = 131 - r. Calculate the remainder when l is divided by 7.
5
Let v = 34 - 20. What is the remainder when (-62)/15 + 4 + (9 - 1816/(-120)) is divided by v?
10
Let h = 13899 + -13160. Calculate the remainder when h is divided by 153.
127
Let u = 3847 - 3638. What is the remainder when u is divided by 147?
62
Suppose 8*d = 2893 - 501. Let m = 310 - d. What is the remainder when 36 is divided by m?
3
Suppose 3*b - 12 = 0, -5*x + 1699 = 8*b - 7*b. Calculate the remainder when x is divided by 49.
45
Let a(r) = -136*r - 1719. What is the remainder when 567 is divided by a(-13)?
28
Let l(u) = u**2 - 2161*u + 12963. Calculate the remainder when 1034 is divided by l(6).
11
Let k(f) = -10*f**3 - 2*f**2 + 2*f. Let g = 1660 + -1616. Suppose -u + 4*y + 6 = 0, -4*u + u = y - g. Calculate the remainder when k(-2) is divided by u.
12
Let l(j) = 3*j**2 + 28 - 30 + 4*j**3 + 0*j**3. Calculate the remainder when 178 is divided by l(2).
10
Suppose -105 = -5*g - 95. Suppose -5*r + g = -m - 67, 3*m + 51 = 3*r. What is the remainder when r is divided by 1?
0
Let r(k) = -132*k - 973. What is the remainder when r(-10) is divided by 23?
2
Suppose 6*j + 13*j - 683232 = -5*j. What is the remainder when j is divided by 13?
11
Let q(h) = -2 - 58*h - 50*h + 162*h - 52*h. Calculate the remainder when 12 is divided by q(5).
4
Let k = 3472 - 1924. What is the remainder when k is divided by 25?
23
Let o be (796/3)/((-12)/18). Let v = -332 - o. What is the remainder when 261 is divided by v?
63
Suppose 2*g - 3056 = -5*c - 509, -2*c = -5*g + 6295. Suppose -5*w + 18*w = g. What is the remainder when w is divided by 17?
12
Let k(q) = -q**3 - 5*q**2 - 2*q - 6. Let f = -291 + 303. Calculate the remainder when k(-6) is divided by (-6)/24 + 30*f/32.
9
Suppose 4*o - 5*w - 122 = 5*o, 3*o + 386 = 5*w. Let d = o + 160. Let s = -206 + 302. What is the remainder when s is divided by d?
30
Let i = 57 - 29. Let a = -145 - -226. Calculate the remainder when a is divided by i.
25
Let w(t) = -t - 8. Let a be w(-6). Let x(o) = o**2 + 18*o + 91. What is the remainder when 110 + -3*a/3 is divided by x(-12)?
17
Let a(i) = -46*i + 188. Let x be a(4). Suppose 34 = -x*n + 86. Calculate the remainder when n is divided by 9.
4
Suppose 119*y + 21 = 122*y. Suppose -y*f + 1448 = f. Suppose f = 4*b - 159. Calculate the remainder when b is divided by 22.
19
Suppose -h = a - 11788, 4*h = -2*a + 15516 + 8042. What is the remainder when a is divided by 50?
47
Let i = -723 + 